{"id":326,"date":"2023-07-16T14:10:55","date_gmt":"2023-07-16T12:10:55","guid":{"rendered":"http:\/\/lapetiteluciole-mf.fr\/?post_type=product&#038;p=326"},"modified":"2023-10-20T17:52:58","modified_gmt":"2023-10-20T15:52:58","slug":"lampe-suspendu-le-serpent","status":"publish","type":"product","link":"https:\/\/lapetiteluciole-mf.fr\/index.php\/produit\/lampe-suspendu-le-serpent\/","title":{"rendered":"Lampe suspendu : Le Serpent"},"content":{"rendered":"<p>Cette lampe en bois a rencontr\u00e9 les pinceaux d&rsquo;un artiste GodWK afin de lui donner un rendu unique<\/p>\n","protected":false},"excerpt":{"rendered":"<p>Cette lampe en bois a rencontr\u00e9 les pinceaux d&rsquo;un artiste GodWK afin de lui donner un rendu unique<\/p>\n","protected":false},"featured_media":327,"comment_status":"open","ping_status":"closed","template":"","meta":[],"product_brand":[],"product_cat":[20],"product_tag":[],"class_list":{"0":"post-326","1":"product","2":"type-product","3":"status-publish","4":"has-post-thumbnail","6":"product_cat-lampe-en-bois","7":"product_shipping_class-la-petite-luciole","9":"entry","10":"has-media","12":"first","13":"instock","14":"virtual","15":"sold-individually","16":"product-type-simple","17":"has-product-nav","18":"col","19":"span_1_of_4","20":"owp-content-center","21":"owp-thumbs-layout-horizontal","22":"owp-btn-normal","23":"owp-tabs-layout-horizontal","24":"has-no-thumbnails"},"yoast_head":"<!-- This site is optimized with the Yoast SEO plugin v27.3 - https:\/\/yoast.com\/product\/yoast-seo-wordpress\/ -->\n<title>Lampe suspendu : Le Serpent | La Petite Luciole MF<\/title>\n<meta name=\"description\" content=\"Cette lampe en bois a rencontr\u00e9 les pinceaux d&#039;un artiste GodWK afin de lui donner un rendu unique. Venez d\u00e9couvrir mes diff\u00e9rentes lampes sur mon site.\" \/>\n<meta name=\"robots\" content=\"index, follow, max-snippet:-1, max-image-preview:large, max-video-preview:-1\" \/>\n<link rel=\"canonical\" href=\"https:\/\/lapetiteluciole-mf.fr\/index.php\/produit\/lampe-suspendu-le-serpent\/\" \/>\n<meta property=\"og:locale\" content=\"fr_FR\" \/>\n<meta property=\"og:type\" content=\"article\" \/>\n<meta property=\"og:title\" content=\"Lampe suspendu : Le Serpent | La Petite Luciole MF\" \/>\n<meta property=\"og:description\" content=\"Cette lampe en bois a rencontr\u00e9 les pinceaux d&#039;un artiste GodWK afin de lui donner un rendu unique. Venez d\u00e9couvrir mes diff\u00e9rentes lampes sur mon site.\" \/>\n<meta property=\"og:url\" content=\"https:\/\/lapetiteluciole-mf.fr\/index.php\/produit\/lampe-suspendu-le-serpent\/\" \/>\n<meta property=\"og:site_name\" content=\"La Petite Luciole MF\" \/>\n<meta property=\"article:modified_time\" content=\"2023-10-20T15:52:58+00:00\" \/>\n<meta property=\"og:image\" content=\"http:\/\/lapetiteluciole-mf.fr\/wp-content\/uploads\/2023\/07\/PXL_20230705_160543582-scaled.jpg\" \/>\n\t<meta property=\"og:image:width\" content=\"1928\" \/>\n\t<meta property=\"og:image:height\" content=\"2560\" \/>\n\t<meta property=\"og:image:type\" content=\"image\/jpeg\" \/>\n<meta name=\"twitter:card\" content=\"summary_large_image\" \/>\n<meta name=\"twitter:label1\" content=\"Dur\u00e9e de lecture estim\u00e9e\" \/>\n\t<meta name=\"twitter:data1\" content=\"1 minute\" \/>\n<script type=\"application\/ld+json\" class=\"yoast-schema-graph\">{\"@context\":\"https:\\\/\\\/schema.org\",\"@graph\":[{\"@type\":\"WebPage\",\"@id\":\"https:\\\/\\\/lapetiteluciole-mf.fr\\\/index.php\\\/produit\\\/lampe-suspendu-le-serpent\\\/\",\"url\":\"https:\\\/\\\/lapetiteluciole-mf.fr\\\/index.php\\\/produit\\\/lampe-suspendu-le-serpent\\\/\",\"name\":\"Lampe suspendu : Le Serpent | La Petite Luciole MF\",\"isPartOf\":{\"@id\":\"https:\\\/\\\/lapetiteluciole-mf.fr\\\/#website\"},\"primaryImageOfPage\":{\"@id\":\"https:\\\/\\\/lapetiteluciole-mf.fr\\\/index.php\\\/produit\\\/lampe-suspendu-le-serpent\\\/#primaryimage\"},\"image\":{\"@id\":\"https:\\\/\\\/lapetiteluciole-mf.fr\\\/index.php\\\/produit\\\/lampe-suspendu-le-serpent\\\/#primaryimage\"},\"thumbnailUrl\":\"https:\\\/\\\/lapetiteluciole-mf.fr\\\/wp-content\\\/uploads\\\/2023\\\/07\\\/PXL_20230705_160543582-scaled.jpg\",\"datePublished\":\"2023-07-16T12:10:55+00:00\",\"dateModified\":\"2023-10-20T15:52:58+00:00\",\"description\":\"Cette lampe en bois a rencontr\u00e9 les pinceaux d'un artiste GodWK afin de lui donner un rendu unique. Venez d\u00e9couvrir mes diff\u00e9rentes lampes sur mon site.\",\"breadcrumb\":{\"@id\":\"https:\\\/\\\/lapetiteluciole-mf.fr\\\/index.php\\\/produit\\\/lampe-suspendu-le-serpent\\\/#breadcrumb\"},\"inLanguage\":\"fr-FR\",\"potentialAction\":[{\"@type\":\"ReadAction\",\"target\":[\"https:\\\/\\\/lapetiteluciole-mf.fr\\\/index.php\\\/produit\\\/lampe-suspendu-le-serpent\\\/\"]}]},{\"@type\":\"ImageObject\",\"inLanguage\":\"fr-FR\",\"@id\":\"https:\\\/\\\/lapetiteluciole-mf.fr\\\/index.php\\\/produit\\\/lampe-suspendu-le-serpent\\\/#primaryimage\",\"url\":\"https:\\\/\\\/lapetiteluciole-mf.fr\\\/wp-content\\\/uploads\\\/2023\\\/07\\\/PXL_20230705_160543582-scaled.jpg\",\"contentUrl\":\"https:\\\/\\\/lapetiteluciole-mf.fr\\\/wp-content\\\/uploads\\\/2023\\\/07\\\/PXL_20230705_160543582-scaled.jpg\",\"width\":1928,\"height\":2560},{\"@type\":\"BreadcrumbList\",\"@id\":\"https:\\\/\\\/lapetiteluciole-mf.fr\\\/index.php\\\/produit\\\/lampe-suspendu-le-serpent\\\/#breadcrumb\",\"itemListElement\":[{\"@type\":\"ListItem\",\"position\":1,\"name\":\"Accueil\",\"item\":\"https:\\\/\\\/lapetiteluciole-mf.fr\\\/\"},{\"@type\":\"ListItem\",\"position\":2,\"name\":\"Products\",\"item\":\"https:\\\/\\\/lapetiteluciole-mf.fr\\\/index.php\\\/boutique\\\/\"},{\"@type\":\"ListItem\",\"position\":3,\"name\":\"Lampe suspendu : Le Serpent\"}]},{\"@type\":\"WebSite\",\"@id\":\"https:\\\/\\\/lapetiteluciole-mf.fr\\\/#website\",\"url\":\"https:\\\/\\\/lapetiteluciole-mf.fr\\\/\",\"name\":\"La Petite Luciole MF\",\"description\":\"La cr\u00e9ativit\u00e9 n&#039;a pas de limit\u00e9 sauf celle qu&#039;on se donne\",\"publisher\":{\"@id\":\"https:\\\/\\\/lapetiteluciole-mf.fr\\\/#organization\"},\"potentialAction\":[{\"@type\":\"SearchAction\",\"target\":{\"@type\":\"EntryPoint\",\"urlTemplate\":\"https:\\\/\\\/lapetiteluciole-mf.fr\\\/?s={search_term_string}\"},\"query-input\":{\"@type\":\"PropertyValueSpecification\",\"valueRequired\":true,\"valueName\":\"search_term_string\"}}],\"inLanguage\":\"fr-FR\"},{\"@type\":\"Organization\",\"@id\":\"https:\\\/\\\/lapetiteluciole-mf.fr\\\/#organization\",\"name\":\"La Petite Luciole MF\",\"url\":\"https:\\\/\\\/lapetiteluciole-mf.fr\\\/\",\"logo\":{\"@type\":\"ImageObject\",\"inLanguage\":\"fr-FR\",\"@id\":\"https:\\\/\\\/lapetiteluciole-mf.fr\\\/#\\\/schema\\\/logo\\\/image\\\/\",\"url\":\"https:\\\/\\\/lapetiteluciole-mf.fr\\\/wp-content\\\/uploads\\\/2023\\\/06\\\/cropped-cropped-La-petite-Luciole-02-1-3.png\",\"contentUrl\":\"https:\\\/\\\/lapetiteluciole-mf.fr\\\/wp-content\\\/uploads\\\/2023\\\/06\\\/cropped-cropped-La-petite-Luciole-02-1-3.png\",\"width\":882,\"height\":562,\"caption\":\"La Petite Luciole MF\"},\"image\":{\"@id\":\"https:\\\/\\\/lapetiteluciole-mf.fr\\\/#\\\/schema\\\/logo\\\/image\\\/\"},\"sameAs\":[\"https:\\\/\\\/www.tiktok.com\\\/@lapetiteluciole_mf\",\"https:\\\/\\\/www.instagram.com\\\/lapetiteluciole_mf\\\/\"]}]}<\/script>\n<!-- \/ Yoast SEO plugin. -->","yoast_head_json":{"title":"Lampe suspendu : Le Serpent | La Petite Luciole MF","description":"Cette lampe en bois a rencontr\u00e9 les pinceaux d'un artiste GodWK afin de lui donner un rendu unique. Venez d\u00e9couvrir mes diff\u00e9rentes lampes sur mon site.","robots":{"index":"index","follow":"follow","max-snippet":"max-snippet:-1","max-image-preview":"max-image-preview:large","max-video-preview":"max-video-preview:-1"},"canonical":"https:\/\/lapetiteluciole-mf.fr\/index.php\/produit\/lampe-suspendu-le-serpent\/","og_locale":"fr_FR","og_type":"article","og_title":"Lampe suspendu : Le Serpent | La Petite Luciole MF","og_description":"Cette lampe en bois a rencontr\u00e9 les pinceaux d'un artiste GodWK afin de lui donner un rendu unique. Venez d\u00e9couvrir mes diff\u00e9rentes lampes sur mon site.","og_url":"https:\/\/lapetiteluciole-mf.fr\/index.php\/produit\/lampe-suspendu-le-serpent\/","og_site_name":"La Petite Luciole MF","article_modified_time":"2023-10-20T15:52:58+00:00","og_image":[{"width":1928,"height":2560,"url":"http:\/\/lapetiteluciole-mf.fr\/wp-content\/uploads\/2023\/07\/PXL_20230705_160543582-scaled.jpg","type":"image\/jpeg"}],"twitter_card":"summary_large_image","twitter_misc":{"Dur\u00e9e de lecture estim\u00e9e":"1 minute"},"schema":{"@context":"https:\/\/schema.org","@graph":[{"@type":"WebPage","@id":"https:\/\/lapetiteluciole-mf.fr\/index.php\/produit\/lampe-suspendu-le-serpent\/","url":"https:\/\/lapetiteluciole-mf.fr\/index.php\/produit\/lampe-suspendu-le-serpent\/","name":"Lampe suspendu : Le Serpent | La Petite Luciole MF","isPartOf":{"@id":"https:\/\/lapetiteluciole-mf.fr\/#website"},"primaryImageOfPage":{"@id":"https:\/\/lapetiteluciole-mf.fr\/index.php\/produit\/lampe-suspendu-le-serpent\/#primaryimage"},"image":{"@id":"https:\/\/lapetiteluciole-mf.fr\/index.php\/produit\/lampe-suspendu-le-serpent\/#primaryimage"},"thumbnailUrl":"https:\/\/lapetiteluciole-mf.fr\/wp-content\/uploads\/2023\/07\/PXL_20230705_160543582-scaled.jpg","datePublished":"2023-07-16T12:10:55+00:00","dateModified":"2023-10-20T15:52:58+00:00","description":"Cette lampe en bois a rencontr\u00e9 les pinceaux d'un artiste GodWK afin de lui donner un rendu unique. Venez d\u00e9couvrir mes diff\u00e9rentes lampes sur mon site.","breadcrumb":{"@id":"https:\/\/lapetiteluciole-mf.fr\/index.php\/produit\/lampe-suspendu-le-serpent\/#breadcrumb"},"inLanguage":"fr-FR","potentialAction":[{"@type":"ReadAction","target":["https:\/\/lapetiteluciole-mf.fr\/index.php\/produit\/lampe-suspendu-le-serpent\/"]}]},{"@type":"ImageObject","inLanguage":"fr-FR","@id":"https:\/\/lapetiteluciole-mf.fr\/index.php\/produit\/lampe-suspendu-le-serpent\/#primaryimage","url":"https:\/\/lapetiteluciole-mf.fr\/wp-content\/uploads\/2023\/07\/PXL_20230705_160543582-scaled.jpg","contentUrl":"https:\/\/lapetiteluciole-mf.fr\/wp-content\/uploads\/2023\/07\/PXL_20230705_160543582-scaled.jpg","width":1928,"height":2560},{"@type":"BreadcrumbList","@id":"https:\/\/lapetiteluciole-mf.fr\/index.php\/produit\/lampe-suspendu-le-serpent\/#breadcrumb","itemListElement":[{"@type":"ListItem","position":1,"name":"Accueil","item":"https:\/\/lapetiteluciole-mf.fr\/"},{"@type":"ListItem","position":2,"name":"Products","item":"https:\/\/lapetiteluciole-mf.fr\/index.php\/boutique\/"},{"@type":"ListItem","position":3,"name":"Lampe suspendu : Le Serpent"}]},{"@type":"WebSite","@id":"https:\/\/lapetiteluciole-mf.fr\/#website","url":"https:\/\/lapetiteluciole-mf.fr\/","name":"La Petite Luciole MF","description":"La cr\u00e9ativit\u00e9 n&#039;a pas de limit\u00e9 sauf celle qu&#039;on se donne","publisher":{"@id":"https:\/\/lapetiteluciole-mf.fr\/#organization"},"potentialAction":[{"@type":"SearchAction","target":{"@type":"EntryPoint","urlTemplate":"https:\/\/lapetiteluciole-mf.fr\/?s={search_term_string}"},"query-input":{"@type":"PropertyValueSpecification","valueRequired":true,"valueName":"search_term_string"}}],"inLanguage":"fr-FR"},{"@type":"Organization","@id":"https:\/\/lapetiteluciole-mf.fr\/#organization","name":"La Petite Luciole MF","url":"https:\/\/lapetiteluciole-mf.fr\/","logo":{"@type":"ImageObject","inLanguage":"fr-FR","@id":"https:\/\/lapetiteluciole-mf.fr\/#\/schema\/logo\/image\/","url":"https:\/\/lapetiteluciole-mf.fr\/wp-content\/uploads\/2023\/06\/cropped-cropped-La-petite-Luciole-02-1-3.png","contentUrl":"https:\/\/lapetiteluciole-mf.fr\/wp-content\/uploads\/2023\/06\/cropped-cropped-La-petite-Luciole-02-1-3.png","width":882,"height":562,"caption":"La Petite Luciole MF"},"image":{"@id":"https:\/\/lapetiteluciole-mf.fr\/#\/schema\/logo\/image\/"},"sameAs":["https:\/\/www.tiktok.com\/@lapetiteluciole_mf","https:\/\/www.instagram.com\/lapetiteluciole_mf\/"]}]}},"_links":{"self":[{"href":"https:\/\/lapetiteluciole-mf.fr\/index.php\/wp-json\/wp\/v2\/product\/326","targetHints":{"allow":["GET"]}}],"collection":[{"href":"https:\/\/lapetiteluciole-mf.fr\/index.php\/wp-json\/wp\/v2\/product"}],"about":[{"href":"https:\/\/lapetiteluciole-mf.fr\/index.php\/wp-json\/wp\/v2\/types\/product"}],"replies":[{"embeddable":true,"href":"https:\/\/lapetiteluciole-mf.fr\/index.php\/wp-json\/wp\/v2\/comments?post=326"}],"wp:featuredmedia":[{"embeddable":true,"href":"https:\/\/lapetiteluciole-mf.fr\/index.php\/wp-json\/wp\/v2\/media\/327"}],"wp:attachment":[{"href":"https:\/\/lapetiteluciole-mf.fr\/index.php\/wp-json\/wp\/v2\/media?parent=326"}],"wp:term":[{"taxonomy":"product_brand","embeddable":true,"href":"https:\/\/lapetiteluciole-mf.fr\/index.php\/wp-json\/wp\/v2\/product_brand?post=326"},{"taxonomy":"product_cat","embeddable":true,"href":"https:\/\/lapetiteluciole-mf.fr\/index.php\/wp-json\/wp\/v2\/product_cat?post=326"},{"taxonomy":"product_tag","embeddable":true,"href":"https:\/\/lapetiteluciole-mf.fr\/index.php\/wp-json\/wp\/v2\/product_tag?post=326"}],"curies":[{"name":"wp","href":"https:\/\/api.w.org\/{rel}","templated":true}]}}